{"id":49126,"date":"2024-05-16T19:52:32","date_gmt":"2024-05-16T22:52:32","guid":{"rendered":"https:\/\/institutorenovare.com.br\/?page_id=49126"},"modified":"2025-03-11T23:15:30","modified_gmt":"2025-03-12T02:15:30","slug":"iridologia","status":"publish","type":"page","link":"https:\/\/institutorenovare.com.br\/index.php\/iridologia\/","title":{"rendered":"Curso de Iridologia Cl\u00ednica"},"content":{"rendered":"\n<div class=\"wp-block-cover alignfull is-light\"><span aria-hidden=\"true\" class=\"wp-block-cover__background has-background-dim\"><\/span><img decoding=\"async\" loading=\"lazy\" width=\"2560\" height=\"1707\" class=\"wp-block-cover__image-background wp-image-49132\" alt=\"\" src=\"https:\/\/institutorenovare.com.br\/wp-content\/uploads\/2024\/05\/Freepik-front-view-human-eye-1-scaled.jpg\" data-object-fit=\"cover\" srcset=\"https:\/\/institutorenovare.com.br\/wp-content\/uploads\/2024\/05\/Freepik-front-view-human-eye-1-scaled.jpg 2560w, https:\/\/institutorenovare.com.br\/wp-content\/uploads\/2024\/05\/Freepik-front-view-human-eye-1-300x200.jpg 300w, https:\/\/institutorenovare.com.br\/wp-content\/uploads\/2024\/05\/Freepik-front-view-human-eye-1-1024x683.jpg 1024w, https:\/\/institutorenovare.com.br\/wp-content\/uploads\/2024\/05\/Freepik-front-view-human-eye-1-768x512.jpg 768w, https:\/\/institutorenovare.com.br\/wp-content\/uploads\/2024\/05\/Freepik-front-view-human-eye-1-1536x1024.jpg 1536w, https:\/\/institutorenovare.com.br\/wp-content\/uploads\/2024\/05\/Freepik-front-view-human-eye-1-2048x1365.jpg 2048w\" sizes=\"(max-width: 2560px) 100vw, 2560px\" \/><div class=\"wp-block-cover__inner-container is-layout-constrained wp-block-cover-is-layout-constrained\">\n<h1 class=\"wp-block-heading has-text-align-center has-large-font-size\"><mark style=\"background-color:rgba(0, 0, 0, 0)\" class=\"has-inline-color has-background-color\">Curso de Iridologia Cl\u00ednica<\/mark><\/h1>\n<\/div><\/div>\n\n\n\n<p>Neste curso, voc\u00ea estar\u00e1 habilitado a realizar uma minuciosa observa\u00e7\u00e3o da \u00edris para extrair informa\u00e7\u00f5es de diversas condi\u00e7\u00f5es org\u00e2nicas, como por exemplo uma inflama\u00e7\u00e3o, onde est\u00e1 localizada no corpo e qu\u00e3o s\u00e9ria ela \u00e9. Identificar\u00e1 a constitui\u00e7\u00e3o f\u00edsica do corpo, debilidades inerentes e a interdepend\u00eancia entre todas as suas partes.<\/p>\n\n\n\n<p>Al\u00e9m desse olhar mais objetivo e cl\u00ednico para aspectos f\u00edsicos, no curso de Iridologia Cl\u00ednica voc\u00ea ir\u00e1 aprender a identificar os desequil\u00edbrios emocionais relacionados aos achados iridol\u00f3gicos, considerando que a causa da doen\u00e7a \u00e9 fundamentalmente um desequil\u00edbrio energ\u00e9tico-emocional-informacional. Ainda dentro desta mesma linha, s\u00e3o avaliados tamb\u00e9m aspectos de riscos patol\u00f3gicos, determinando o per\u00edodo no qual eles ocorreram (por exemplo situa\u00e7\u00f5es cr\u00edticas no per\u00edodo de forma\u00e7\u00e3o do indiv\u00edduo, antes do seu nascimento, traumas, perdas afetivas, acidentes etc) e a probabilidade de debilidade em momentos futuros, tendo em vista a identifica\u00e7\u00e3o de \u00f3rg\u00e3os de choques e situa\u00e7\u00f5es n\u00e3o resolvidas na vida da pessoa.<\/p>\n\n\n\n<p>Deste modo, e uma vez correlacionadas as causas e a cl\u00ednica do indiv\u00edduo, voc\u00ea ter\u00e1 acesso e aprender\u00e1 a usar t\u00e9cnicas naturais e n\u00e3o agressivas ao indiv\u00edduo para fazer a corre\u00e7\u00e3o do fluxo vital, recuperando seu sistema f\u00edsico, mental, emocional e consciencial, ou seja, eliminando a doen\u00e7a na sua origem.<br><\/p>\n\n\n\n<h4 class=\"wp-block-heading\">O Que Esperar do Curso de Iridologia Cl\u00ednica<\/h4>\n\n\n\n<figure class=\"wp-block-video aligncenter\"><video controls src=\"https:\/\/institutorenovare.com.br\/wp-content\/uploads\/2024\/05\/Aula-01-Apresentacao-do-curso-de-Iridologia-Programacao.mp4\"><\/video><\/figure>\n\n\n\n<figure class=\"wp-block-image alignfull size-full\"><img decoding=\"async\" loading=\"lazy\" width=\"810\" height=\"455\" src=\"https:\/\/institutorenovare.com.br\/wp-content\/uploads\/2024\/05\/Lacunas.jpg\" alt=\"\" class=\"wp-image-49130\" srcset=\"https:\/\/institutorenovare.com.br\/wp-content\/uploads\/2024\/05\/Lacunas.jpg 810w, https:\/\/institutorenovare.com.br\/wp-content\/uploads\/2024\/05\/Lacunas-300x169.jpg 300w, https:\/\/institutorenovare.com.br\/wp-content\/uploads\/2024\/05\/Lacunas-768x431.jpg 768w\" sizes=\"(max-width: 810px) 100vw, 810px\" \/><\/figure>\n\n\n\n<h1 class=\"wp-block-heading\">Abordagens Deste Curso<\/h1>\n\n\n\n<ul>\n<li>Terreno biol\u00f3gico (equil\u00edbrio \u00e1cido-b\u00e1sico)<\/li>\n\n\n\n<li>Constitui\u00e7\u00e3o e estrutura f\u00edsica<\/li>\n\n\n\n<li>Regula\u00e7\u00e3o dos processos metab\u00f3licos<\/li>\n\n\n\n<li>Debilidades em \u00f3rg\u00e3os, v\u00edsceras e gl\u00e2ndulas<\/li>\n\n\n\n<li>Altera\u00e7\u00f5es na microbiota intestinal<\/li>\n\n\n\n<li>Informa\u00e7\u00f5es sobre os biotipos comportamentais<\/li>\n\n\n\n<li>Atitudes emocionais e estados emotivos<\/li>\n\n\n\n<li>Per\u00edodos de crise<\/li>\n\n\n\n<li>Aspecto bioenerg\u00e9tico e espiritual<\/li>\n\n\n\n<li>Propens\u00e3o a riscos patol\u00f3gicos<\/li>\n<\/ul>\n\n\n\n<div class=\"wp-block-cover alignfull\"><span aria-hidden=\"true\" class=\"wp-block-cover__background has-background-dim\"><\/span><img decoding=\"async\" loading=\"lazy\" width=\"2530\" height=\"1114\" class=\"wp-block-cover__image-background wp-image-49145\" alt=\"\" src=\"https:\/\/institutorenovare.com.br\/wp-content\/uploads\/2024\/05\/Luciana2-Iris.png\" data-object-fit=\"cover\" srcset=\"https:\/\/institutorenovare.com.br\/wp-content\/uploads\/2024\/05\/Luciana2-Iris.png 2530w, https:\/\/institutorenovare.com.br\/wp-content\/uploads\/2024\/05\/Luciana2-Iris-300x132.png 300w, https:\/\/institutorenovare.com.br\/wp-content\/uploads\/2024\/05\/Luciana2-Iris-1024x451.png 1024w, https:\/\/institutorenovare.com.br\/wp-content\/uploads\/2024\/05\/Luciana2-Iris-768x338.png 768w, https:\/\/institutorenovare.com.br\/wp-content\/uploads\/2024\/05\/Luciana2-Iris-1536x676.png 1536w, https:\/\/institutorenovare.com.br\/wp-content\/uploads\/2024\/05\/Luciana2-Iris-2048x902.png 2048w\" sizes=\"(max-width: 2530px) 100vw, 2530px\" \/><div class=\"wp-block-cover__inner-container is-layout-flow wp-block-cover-is-layout-flow\">\n<p class=\"has-text-align-center has-large-font-size\"><strong><mark style=\"background-color:rgba(0, 0, 0, 0)\" class=\"has-inline-color has-background-color\">Conhe\u00e7a Sua Professora<\/mark><\/strong><\/p>\n<\/div><\/div>\n\n\n\n<p>Luciana Fortes \u00e9 Doutora em Naturopatia Cl\u00ednica, Mestre em Intelig\u00eancia Artificial, iridologista, microscopista de campo claro e escuro, Consteladora Sist\u00eamica Familiar, Terapeuta Neural, p\u00f3s-graduada em Adequa\u00e7\u00e3o Nutricional e Manuten\u00e7\u00e3o da Homeostase pela Academia do Dr. Lair Ribeiro.<\/p>\n\n\n\n<p>Criou o Sistema SimplesIris, que utiliza v\u00e1rios mapas para avalia\u00e7\u00e3o org\u00e2nica, comportamental e de avalia\u00e7\u00e3o de riscos patol\u00f3gicos em uma linha do tempo.<\/p>\n\n\n\n<p>Atua na \u00e1rea de terapias integrativas com \u00eanfase em tratamentos naturais, biorresson\u00e2ncia, biomagnetismo, alimenta\u00e7\u00e3o saud\u00e1vel e metamedicina.<\/p>\n\n\n\n<div class=\"wp-block-cover alignfull has-custom-content-position is-position-bottom-center\" style=\"min-height:553px\"><span aria-hidden=\"true\" class=\"wp-block-cover__background has-background-dim\"><\/span><img decoding=\"async\" loading=\"lazy\" width=\"6019\" height=\"2776\" class=\"wp-block-cover__image-background wp-image-49140\" alt=\"\" src=\"https:\/\/institutorenovare.com.br\/wp-content\/uploads\/2024\/05\/Freepik-Iris-feminina.png\" data-object-fit=\"cover\" srcset=\"https:\/\/institutorenovare.com.br\/wp-content\/uploads\/2024\/05\/Freepik-Iris-feminina.png 6019w, https:\/\/institutorenovare.com.br\/wp-content\/uploads\/2024\/05\/Freepik-Iris-feminina-300x138.png 300w, https:\/\/institutorenovare.com.br\/wp-content\/uploads\/2024\/05\/Freepik-Iris-feminina-1024x472.png 1024w, https:\/\/institutorenovare.com.br\/wp-content\/uploads\/2024\/05\/Freepik-Iris-feminina-768x354.png 768w, https:\/\/institutorenovare.com.br\/wp-content\/uploads\/2024\/05\/Freepik-Iris-feminina-1536x708.png 1536w, https:\/\/institutorenovare.com.br\/wp-content\/uploads\/2024\/05\/Freepik-Iris-feminina-2048x945.png 2048w\" sizes=\"(max-width: 6019px) 100vw, 6019px\" \/><div class=\"wp-block-cover__inner-container is-layout-constrained wp-block-cover-is-layout-constrained\">\n<p class=\"has-large-font-size\"><strong>Qual o Investimento Para Este Curso?<\/strong><\/p>\n\n\n\n<p>Voc\u00ea conseguir\u00e1 comprar o curso + acesso ao sistema de an\u00e1lise iridol\u00f3gica por 6 meses + uma mentoria individual de 1 hora pelo pre\u00e7o promocional de R$ 900,00.<\/p>\n<\/div><\/div>\n\n\n\n<div class=\"wp-block-buttons is-content-justification-center is-layout-flex wp-container-4 wp-block-buttons-is-layout-flex\">\n<div class=\"wp-block-button\"><a class=\"wp-block-button__link wp-element-button\" href=\"https:\/\/pay.hotmart.com\/R98613075I\" target=\"_blank\" rel=\"noreferrer noopener\"><font size=\"14\">Comprar agora<\/font><\/a><\/div>\n<\/div>\n\n\n\n<div class=\"wp-block-group alignfull is-layout-constrained wp-block-group-is-layout-constrained\">\n<div class=\"wp-block-cover alignfull wp-duotone-unset-5\" style=\"min-height:245px\"><span aria-hidden=\"true\" class=\"wp-block-cover__background has-background-dim\"><\/span><img decoding=\"async\" loading=\"lazy\" width=\"2560\" height=\"1463\" class=\"wp-block-cover__image-background wp-image-49186\" alt=\"\" src=\"https:\/\/institutorenovare.com.br\/wp-content\/uploads\/2024\/05\/Freepik-Celulas-cellular-warfare-cancer-virus-battle-anatomy-generated-by-ai-scaled.jpg\" data-object-fit=\"cover\" srcset=\"https:\/\/institutorenovare.com.br\/wp-content\/uploads\/2024\/05\/Freepik-Celulas-cellular-warfare-cancer-virus-battle-anatomy-generated-by-ai-scaled.jpg 2560w, https:\/\/institutorenovare.com.br\/wp-content\/uploads\/2024\/05\/Freepik-Celulas-cellular-warfare-cancer-virus-battle-anatomy-generated-by-ai-300x171.jpg 300w, https:\/\/institutorenovare.com.br\/wp-content\/uploads\/2024\/05\/Freepik-Celulas-cellular-warfare-cancer-virus-battle-anatomy-generated-by-ai-1024x585.jpg 1024w, https:\/\/institutorenovare.com.br\/wp-content\/uploads\/2024\/05\/Freepik-Celulas-cellular-warfare-cancer-virus-battle-anatomy-generated-by-ai-768x439.jpg 768w, https:\/\/institutorenovare.com.br\/wp-content\/uploads\/2024\/05\/Freepik-Celulas-cellular-warfare-cancer-virus-battle-anatomy-generated-by-ai-1536x878.jpg 1536w, https:\/\/institutorenovare.com.br\/wp-content\/uploads\/2024\/05\/Freepik-Celulas-cellular-warfare-cancer-virus-battle-anatomy-generated-by-ai-2048x1170.jpg 2048w\" sizes=\"(max-width: 2560px) 100vw, 2560px\" \/><div class=\"wp-block-cover__inner-container is-layout-constrained wp-block-cover-is-layout-constrained\">\n<p class=\"has-text-align-center has-large-font-size\"><strong>Conhe\u00e7a Nossos Outros Cursos<\/strong><\/p>\n<\/div><\/div>\n\n\n\n<ul>\n<li><a href=\"https:\/\/institutorenovare.com.br\/index.php\/microscopia-3\/\" data-type=\"page\" data-id=\"49055\">Microscopia de Campo Claro e Escuro<\/a><\/li>\n\n\n\n<li><a href=\"https:\/\/institutorenovare.com.br\/index.php\/radiestesia\/\" data-type=\"page\" data-id=\"49109\">Radiestesia Cl\u00ednica<\/a><\/li>\n\n\n\n<li><a href=\"https:\/\/institutorenovare.com.br\/index.php\/iridologia\/\" data-type=\"page\" data-id=\"49126\">Iridologia Cl\u00ednica e Comportamental<\/a><\/li>\n\n\n\n<li><a href=\"https:\/\/institutorenovare.com.br\/index.php\/desparasitacao\/\" data-type=\"page\" data-id=\"49161\">Desparasita\u00e7\u00e3o e Destoxifica\u00e7\u00e3o Org\u00e2nica<\/a><\/li>\n<\/ul>\n\n\n\n<p><a href=\"https:\/\/institutorenovare.com.br\/\" data-type=\"page\" data-id=\"48994\"><strong>Voltar para a P\u00e1gina Principal do Instituto Renovare<\/strong><\/a><\/p>\n<\/div>\n","protected":false},"excerpt":{"rendered":"<p>Neste curso, voc\u00ea estar\u00e1 habilitado a realizar uma minuciosa observa\u00e7\u00e3o da \u00edris para extrair informa\u00e7\u00f5es de diversas condi\u00e7\u00f5es org\u00e2nicas, como por exemplo uma inflama\u00e7\u00e3o, onde est\u00e1 localizada no corpo e qu\u00e3o s\u00e9ria ela \u00e9. Identificar\u00e1 a constitui\u00e7\u00e3o f\u00edsica do corpo, debilidades inerentes e a interdepend\u00eancia entre todas as suas partes. Al\u00e9m desse olhar mais objetivo [&hellip;]<\/p>\n","protected":false},"author":1,"featured_media":0,"parent":0,"menu_order":0,"comment_status":"closed","ping_status":"closed","template":"blank","meta":{"footnotes":""},"_links":{"self":[{"href":"https:\/\/institutorenovare.com.br\/index.php\/wp-json\/wp\/v2\/pages\/49126"}],"collection":[{"href":"https:\/\/institutorenovare.com.br\/index.php\/wp-json\/wp\/v2\/pages"}],"about":[{"href":"https:\/\/institutorenovare.com.br\/index.php\/wp-json\/wp\/v2\/types\/page"}],"author":[{"embeddable":true,"href":"https:\/\/institutorenovare.com.br\/index.php\/wp-json\/wp\/v2\/users\/1"}],"replies":[{"embeddable":true,"href":"https:\/\/institutorenovare.com.br\/index.php\/wp-json\/wp\/v2\/comments?post=49126"}],"version-history":[{"count":18,"href":"https:\/\/institutorenovare.com.br\/index.php\/wp-json\/wp\/v2\/pages\/49126\/revisions"}],"predecessor-version":[{"id":49240,"href":"https:\/\/institutorenovare.com.br\/index.php\/wp-json\/wp\/v2\/pages\/49126\/revisions\/49240"}],"wp:attachment":[{"href":"https:\/\/institutorenovare.com.br\/index.php\/wp-json\/wp\/v2\/media?parent=49126"}],"curies":[{"name":"wp","href":"https:\/\/api.w.org\/{rel}","templated":true}]}}